75552?
96
What is the greatest common divisor of 22 and 1124?
2
What is the greatest common factor of 487518 and 1544?
386
Calculate the highest common factor of 423 and 2187.
9
Calculate the highest common divisor of 10 and 17905.
5
Calculate the greatest common factor of 2077196 and 340.
68
Calculate the greatest common divisor of 15 and 50509.
1
Calculate the greatest common factor of 274631 and 7.
7
What is the greatest common divisor of 918 and 13906?
34
What is the greatest common factor of 4155 and 309?
3
Calculate the greatest common divisor of 31283 and 328.
41
What is the highest common divisor of 111834 and 270?
54
What is the greatest common factor of 4896 and 16848?
144
What is the greatest common divisor of 4059 and 2772?
99
Calculate the highest common factor of 4224 and 800.
32
What is the greatest common divisor of 607 and 258582?
607
Calculate the highest common factor of 220386 and 276.
138
Calculate the highest common divisor of 4692 and 123879.
51
Calculate the highest common factor of 644 and 49312.
92
Calculate the highest common factor of 5650 and 400.
50
What is the highest common divisor of 72832 and 2845?
569
Calculate the highest common divisor of 618605 and 806.
403
Calculate the highest common factor of 1165 and 249077.
233
What is the highest common divisor of 117 and 76947?
39
What is the greatest common divisor of 127306 and 689?
53
What is the greatest common divisor of 93000 and 1736?
248
Calculate the highest common factor of 68175 and 27675.
675
What is the greatest common factor of 350 and 925?
25
Calculate the greatest common factor of 13334 and 27346.
226
What is the highest common divisor of 848 and 6413?
53
What is the greatest common divisor of 76830 and 10530?
390
What is the highest common factor of 4964 and 80884?
292
What is the highest common divisor of 765 and 4165?
85
Calculate the highest common factor of 4 and 20889.
1
Calculate the greatest common divisor of 172 and 219988.
172
Calculate the highest common factor of 2988 and 72.
36
Calculate the highest common factor of 130289 and 339.
113
Calculate the greatest common divisor of 279 and 28287.
9
What is the highest common divisor of 69034 and 189?
7
What is the highest common divisor of 756 and 96?
12
What is the greatest common factor of 8650 and 1250?
50
Calculate the greatest common divisor of 254 and 14649704.
254
Calculate the highest common divisor of 256344 and 324.
12
What is the greatest common factor of 431564 and 4?
4
Calculate the highest common factor of 14048919 and 34.
17
What is the highest common factor of 1011 and 16?
1
What is the highest common divisor of 147 and 32340?
147
What is the highest common divisor of 2461 and 2162?
23
Calculate the greatest common factor of 67431 and 456.
57
What is the highest common factor of 248 and 275559?
31
Calculate the highest common factor of 29557 and 22.
11
Calculate the greatest common divisor of 3471 and 4468334.
1157
What is the greatest common factor of 266813 and 251?
251
Calculate the greatest common divisor of 216 and 3042.
18
What is the highest common divisor of 13390 and 50?
10
What is the highest common divisor of 11385311 and 721?
721
What is the highest common divisor of 630 and 184185?
45
Calculate the greatest common factor of 13568 and 92864.
64
What is the greatest common factor of 39 and 143234?
13
What is the highest common divisor of 2728 and 31438?
22
What is the highest common factor of 81756 and 48?
12
What is the greatest common divisor of 425 and 39400?
25
Calculate the highest common divisor of 9555 and 3332.
49
Calculate the greatest common factor of 2176 and 1152.
128
Calculate the highest common factor of 881604 and 1944.
972
Calculate the greatest common divisor of 621 and 8289.
27
Calculate the highest common factor of 499171 and 17.
17
What is the highest common factor of 27923 and 35?
7
Calculate the highest common divisor of 10365 and 1110.
15
Calculate the greatest common factor of 764 and 336.
4
What is the highest common divisor of 371 and 198803?
53
What is the greatest common factor of 3190 and 3277?
29
What is the highest common divisor of 3066 and 97893?
219
What is the greatest common factor of 35866 and 3178?
454
Calculate the highest common divisor of 1360 and 21040.
80
Calculate the greatest common factor of 197540 and 112.
28
Calculate the highest common divisor of 16702 and 1694.
14
Calculate the highest common factor of 19 and 129029.
19
Calculate the greatest common factor of 20126 and 38170.
694
Calculate the highest common factor of 3675 and 380975.
1225
What is the greatest common divisor of 136609 and 121?
121
Calculate the highest common divisor of 525 and 10375.
25
What is the greatest common factor of 184234 and 1468?
734
Calculate the highest common divisor of 45188 and 21164.
572
Calculate the greatest common divisor of 1613881 and 107.
107
Calculate the greatest common divisor of 410 and 2510.
10
What is the highest common divisor of 18556 and 62?
2
What is the highest common divisor of 28 and 9764?
4
Calculate the greatest common factor of 60 and 167060.
20
Calculate the greatest common divisor of 108 and 146844.
36
Calculate the greatest common factor of 13568 and 110848.
256
Calculate the highest common divisor of 16779 and 564.
141
Calculate the greatest common factor of 17360 and 63320.
40
Calculate the greatest common divisor of 4436302 and 52.
26
Calculate the greatest common divisor of 514161 and 63.
9
Calculate the greatest common factor of 350525 and 525.
175
Calculate the greatest common factor of 23 and 125189.
23
What is the greatest common factor of 9 and 1514889?
9
What is the highest common divisor of 4626 and 12?
6
Calculate the highest common factor of 65 and 4310.
5
Calculate the greatest common divisor of 969 and 18867.
57
What is the highest common divisor of 432 and 30768?
48
What is the greatest common factor of 42 and 1719466?
14
Calculate the greatest common divisor of 39 and 49803.
39
What is the greatest common factor of 21629 and 9557?
503
What is the greatest common factor of 215 and 18146?
43
What is the greatest common factor of 2006 and 785349?
1003
Calculate the highest common factor of 10071 and 1080.
27
Calculate the greatest common divisor of 43860 and 4590.
510
What is the greatest common factor of 7293 and 45903?
429
What is the greatest common factor of 6415 and 185?
5
Calculate the greatest common divisor of 100867 and 65.
13
What is the highest common factor of 134968 and 20?
4
What is the greatest common factor of 2613 and 12529?
67
What is the greatest common factor of 594 and 108999?
297
What is the greatest common divisor of 526 and 8104345?
263
Calculate the highest common divisor of 9 and 23057.
1
Calculate the highest common divisor of 1032981 and 3.
3
Calculate the greatest common divisor of 62580 and 28.
28
What is the highest common factor of 322 and 175?
7
Calculate the greatest common factor of 2451942 and 11814.
1074
Calculate the highest common divisor of 2894 and 70903.
1447
What is the greatest common factor of 13057 and 319?
11
What is the highest common divisor of 1394357 and 17?
17
Calculate the greatest common divisor of 13 and 45289.
1
What is the greatest common divisor of 590994 and 36?
18
What is the highest common factor of 16 and 47408?
16
Calculate the highest common divisor of 840 and 1176210.
210
What is the highest common factor of 186 and 890382?
186
What is the greatest common factor of 44474 and 851?
37
What is the greatest common factor of 109364 and 760?
76
What is the highest common divisor of 384 and 3956352?
384
What is the highest common divisor of 1767 and 9006?
57
Calculate the highest common divisor of 2190 and 10031295.
1095
Calculate the highest common divisor of 504 and 393652.
28
Calculate the highest common factor of 6539 and 9685.
13
Calculate the greatest common divisor of 4 and 304852.
4
Calculate the highest common divisor of 101003 and 5593.
329
What is the greatest common factor of 4489 and 114771?
67
Calculate the highest common divisor of 1028 and 771257.
257
What is the greatest common divisor of 44250 and 2625?
375
What is the greatest common factor of 56 and 408?
8
What is the greatest common divisor of 33873 and 42?
21
Wh